culate the highest common factor of g and 11.
11
Let f = -7 + 6. Let m be (207/15)/(f/(-5)). What is the highest common factor of m and 23?
23
Let a(i) = -i + 15. Let r be a(0). Calculate the greatest common factor of r and 75.
15
Let t = -5 - -5. Suppose t*y + 36 = -4*y. Let l(j) = j + 13. Let g be l(y). Calculate the greatest common divisor of 10 and g.
2
Let x = 121 + -68. Suppose 2*s = -2*g + 9 + x, -2*g + 4*s + 44 = 0. Let n = -116 - -186. Calculate the greatest common divisor of g and n.
14
Suppose -3*c + 50 = 2*c. Let o = 54 + -4. Calculate the highest common factor of c and o.
10
Suppose -404 = -4*f - 144. Let o be 15 - (-1 + 2 - -1). What is the highest common divisor of f and o?
13
Suppose 0 = 5*u - 10, 4*p - 40 - 42 = 3*u. Let a = -44 + 99. Calculate the highest common factor of p and a.
11
Suppose -3*m + 14 = -10. What is the greatest common factor of 4 and m?
4
Let r(j) = -2 - 13*j + 7 - j**2 + 6 + 21*j. Let g be r(8). What is the greatest common factor of 33 and g?
11
Let f = -21 + 29. Calculate the highest common factor of 64 and f.
8
Let s(n) = 2*n + 8. Let d be s(6). Let f = d - 12. Suppose 4*a - 7 = 9. What is the greatest common divisor of a and f?
4
Let q(r) = 11*r**2 - r - 1. Let n be q(-1). Let l = n - -1. Calculate the greatest common factor of 72 and l.
12
Suppose -4*n + 9*n = -5. Let g be (n - -3)/((-2)/3). Let c be 2/(g + 2) - -7. Calculate the greatest common divisor of c and 2.
1
Let p be ((-20)/(-8))/((-2)/(-4)). Suppose -4*k + 86 = p*y - 14, -5*y - 2*k = -90. What is the highest common divisor of 48 and y?
16
Let l(j) = -j + 33. Let w(a) = -a**2 - 4*a + 5. Let s be w(-5). Let h be l(s). Suppose -11*d + 3*d + 88 = 0. What is the greatest common divisor of d and h?
11
Suppose -3*j + 2*x = j - 74, -j + 19 = -x. What is the highest common factor of j and 162?
18
Suppose -2*u - 65 = -d - 7*u, 0 = 5*d - 4*u - 441. Calculate the highest common divisor of d and 17.
17
Let v(d) = 10*d**2 - 2*d. Let z be v(-4). Calculate the highest common divisor of 21 and z.
21
Let a(g) = 2*g**3 + 12*g**2 + 6*g - 8. Let p be a(-5). Calculate the greatest common factor of p and 132.
12
Suppose -l = -3*h + 257, -5*h + 405 = -0*l + 3*l. Calculate the highest common divisor of h and 12.
12
Let m be 98/(1*4/2). Calculate the greatest common factor of m and 7.
7
Suppose p + 42 = -3*v + 198, -2*v - 296 = -2*p. Calculate the greatest common divisor of 60 and p.
30
Let v = -181 - -259. Calculate the highest common divisor of v and 52.
26
Let p(v) = -v - 1. Let l be p(-6). Suppose l*n - 434 = 3*d, 0 = -n + 2*n + 3*d - 94. What is the highest common divisor of n and 11?
11
Let c(y) = -5*y. Let g be c(-2). Let f be (-2)/(-1) + 1*g. Suppose -2*d + 92 = -3*u - 2*u, 0 = -3*d - 3*u + 96. What is the greatest common factor of f and d?
12
Suppose -4*h + 11 = -m, 4*m - 2*h = 3*h. Calculate the highest common divisor of 35 and m.
5
Let o(i) = 20*i - 8. Let a be o(2). What is the greatest common factor of a and 80?
16
Let p(v) = 47*v**3 + 2*v**2 - 2*v + 1. Let h be p(1). Suppose -2*y + 124 = 2*y. Let o be y/5 - (-14)/(-70). What is the greatest common divisor of o and h?
6
Let v = 248 - 152. Calculate the highest common factor of v and 24.
24
Let r be ((-1)/1)/((-3)/39). Let l = 8 + -2. Let m be 13/((l/15)/2). Calculate the highest common factor of r and m.
13
Suppose 5*o - 3*j - 27 = 0, o + 7*j + 17 = 2*j. Let q = -2 - -8. Calculate the highest common factor of o and q.
3
Let a = 4 + 10. Let t = 6 - 1. Suppose n - 628 = -t*q, 0 = 2*q - 5*n - 277 + 15. What is the highest common divisor of q and a?
14
Suppose -2*f + 10 = -f. Let x(g) = 5*g**2 - g - 20. Let z be x(-5). Calculate the greatest common factor of z and f.
10
Let z = 129 - 79. What is the highest common factor of 25 and z?
25
Let h = 63 + -34. Let j be (h - 1) + 0/1. Let c = 5 + -1. What is the greatest common divisor of c and j?
4
Suppose -6*b = -170 - 64. Calculate the greatest common divisor of b and 273.
39
Let r = -222 + 244. Let q(y) = -y**2 - 7*y - 4. Let s be q(-6). Suppose p + 4*p = -l + 1205, l + 489 = s*p. What is the greatest common divisor of r and p?
22
Let w(d) = -4 - 4*d + 4. Let h be -5 + 7 + (-3 - 0). Let x be w(h). What is the greatest common factor of 4 and x?
4
Let j = 9 + -10. Let k(p) = 3*p**2 - p. Let a be k(j). What is the greatest common factor of a and 1?
1
Suppose 0 = 5*j + 5*i - 2*i - 55, i = j - 19. Let x = -17 - -24. Calculate the greatest common factor of x and j.
7
Suppose -3*u + 190 = -u. Suppose 2*m - n + 21 = -28, 0 = -4*m + 5*n - u. Let x be (30/m)/(1/(-15)). What is the highest common divisor of 2 and x?
2
Let t(n) = -n**3 - 5*n**2 - 5*n - 1. Let z be t(-4). Suppose a - 4 = -4*r, -4*r - z = -3*a + 41. What is the greatest common divisor of a and 60?
12
Suppose -4*p = -6*p. Suppose 2*i + 2*i - 144 = p. Calculate the greatest common factor of i and 9.
9
Suppose 9 - 81 = -3*t. What is the highest common divisor of t and 48?
24
Let o be -1 - 2/((-6)/39). What is the greatest common factor of 8 and o?
4
Let m be 7/(0 + 1/5). Let d(h) be the first derivative of -3*h**2 + 2*h - 1. Let r be d(-2). Calculate the highest common divisor of r and m.
7
Let z be 2/8 + (-57)/(-12). What is the greatest common factor of z and 25?
5
Let x(w) = -3*w**2 - w. Let v be x(1). Let q be 1/4*-2*v. Let k be (-95)/(-1) - q/(-2). What is the greatest common divisor of k and 12?
12
Suppose -2*o + 7 = 5*x, -5*o - x = 21 - 50. Let j be -2 + 0 + o + -4. Let n = j - -3. Calculate the highest common divisor of 21 and n.
3
Suppose -2*u + 16 = 2*m, -2*m - 19 = -0*m - 5*u. What is the highest common factor of m and 1?
1
Let l(f) = 3*f**2 - 4*f + 1. Let z be l(3). What is the highest common factor of 16 and z?
16
Suppose 0 = 2*v - v - 2. Suppose v*n + 2*g + 3*g = 22, 34 = 2*n - g. Calculate the greatest common factor of n and 8.
8
Suppose -4*a - c + 8 + 0 = 0, -5*a + 5*c = -35. Suppose 7*q - a*q = -3*y + 102, 3*q = -y + 74. What is the greatest common factor of 3 and q?
3
Let n be -3 - (-2 - -5 - 8). Suppose 0*r = -n*r + 38. Calculate the greatest common factor of 19 and r.
19
Suppose 2*f - m - 3*m + 12 = 0, 0 = -2*f + 3*m - 9. Suppose f = 4*l + l - 35. Calculate the greatest common divisor of 7 and l.
7
Suppose -15 = 5*r, -6*l - r + 41 = -2*l. Calculate the greatest common divisor of l and 121.
11
Suppose 921 = -3*d + 2769. Let w = -440 + d. Calculate the highest common factor of w and 16.
16
Suppose 4*y - 5 - 27 = 0. Let o be -4*(-3)/15*10. Let r(z) = 8*z + 8. Let s be r(o). What is the greatest common factor of y and s?
8
Let r = -3 + 11. Calculate the greatest common factor of 20 and r.
4
Let n = -5 + 1. Let o = n + 8. Suppose 5*c - 8 - 4 = -r, -5*c - 48 = -o*r. Calculate the highest common factor of r and 60.
12
Suppose 5*b - 3*o = -14, 7*b - 2*b + 28 = -4*o. Let f = 0 + b. Let l be 89/4 + 1/f. What is the greatest common divisor of 198 and l?
22
Let p(s) = s**2 + 3*s - 2. Let j be p(-6). Let m(z) = 21*z**2 - z - 2. Let g be m(2). Calculate the highest common factor of g and j.
16
Suppose m - 13 = 11. Let h be (-4)/6*(-6)/1. Suppose -h*y = 3*s + y - m, -23 = -2*s - y. What is the highest common divisor of s and 65?
13
Let c = -35 + 73. Let d = c - 26. What is the greatest common divisor of d and 60?
12
Let b(f) = -f**3 + 7*f**2 - 3*f + 7. Let l be b(6). What is the highest common factor of 275 and l?
25
Suppose 4*r + 6 = m, -2*m - m + 10 = -4*r. Suppose -4*k - 5*w = -12 - 30, 3*k = -m*w + 28. Calculate the highest common factor of k and 12.
4
Let z(n) = 2*n + 4. Let c be z(11). Calculate the greatest common divisor of c and 260.
26
Let f(h) be the third derivative of h**5/60 - h**4/24 + h**3/3 - 2*h**2. Let u be f(-3). Calculate the highest common divisor of 126 and u.
14
Suppose 5*t + 31 = 181. Let r be -3 + -1 - 0 - -24. Calculate the highest common factor of t and r.
10
Suppose 20 - 92 = -2*m. What is the greatest common divisor of m and 90?
18
Let h be ((-10)/(-20))/(2/20). Calculate the greatest common factor of h and 1.
1
Let g = 92 - -29. Let r = -10 + 21. Calculate the highest common factor of r and g.
11
Suppose -3*k = -5*k + 12. Suppose -20 = -k*s + s. Suppose 2*x - 160 = -3*x. Calculate the highest common factor of x and s.
4
Let p = 24 + -18. Calculate the greatest common divis